 a, -5*c + q = -24 - 8. Is c composite?
False
Let m be (2 - 1)/((-7)/(-21)). Is (-20)/m*(-3)/2 prime?
False
Let n(x) = 14*x - 1. Is n(16) a prime number?
True
Let p = 244 + -46. Let m be 3 + (4 + -2 - 0). Suppose m*j = -p + 643. Is j composite?
False
Let c(f) = f**3 + 10*f**2 - 10*f + 11. Let m be c(-11). Suppose 5*n + 0*n - 445 = m. Is n prime?
True
Suppose 2*q + 3*q = 4445. Is q prime?
False
Let i be (-36)/(-4) - (-2 - -1). Let w = i + 12. Let d = 117 - w. Is d a prime number?
False
Suppose -3*f + 742 = 5*m - 0*f, -449 = -3*m + 2*f. Is m a prime number?
True
Suppose n + 4*n = 0. Suppose 2*r = 4, 2*l - 4*r = -n*r + 58. Is l a prime number?
False
Suppose -l = -5*b - 1372, 2*l - 6970 = -3*l + 3*b. Is l a prime number?
False
Let m = -10 + -181. Is -4 + m/(-1) + -2 a prime number?
False
Is ((-1135)/3)/(((-1)/(-3))/(-1)) composite?
True
Suppose 2*n = 2*i - 158, -5*n + 307 = 4*i - 0*n. Let t = 131 - i. Is t a composite number?
False
Let d = -760 - -1109. Suppose -m - 1463 = -5*h, 0 = h - 4*m + 64 - d. Is h composite?
False
Let b(h) = -212*h**3 + 1. Let p be b(1). Let m = -106 - p. Suppose 0 = -3*d - 2*d + m. Is d a prime number?
False
Suppose h + 0*h - 6 = 0. Let z = h - 4. Suppose 0 = z*c - c - 6. Is c composite?
True
Suppose -5*f - 65 = -4*a, 3*a - 50 = 7*f - 2*f. Let h = a - 66. Let g = 72 + h. Is g prime?
False
Suppose -s - 1487 = -6*s - 4*p, -3*s + 873 = -4*p. Is s a prime number?
False
Let c be 0*((-2)/3)/2. Suppose -4*m + 231 = -m. Suppose -m = -c*d - d. Is d a composite number?
True
Suppose 12 = c - 2*a, 20 = 4*c - c - 2*a. Let f be (4 + 0)*3/c. Suppose 39 = f*p - 72. Is p composite?
False
Suppose q - 2*q - 11 = 4*t, -2 = 2*q + 3*t. Let j(b) = 3*b**2 - 3*b + 7. Is j(q) a prime number?
True
Let q(s) = s**3 + 8*s**2 + 7*s - 2. Let d be q(-7). Is ((-820)/(-50))/(d/(-10)) prime?
False
Let d = -306 - -451. Is d a composite number?
True
Let o(f) be the second derivative of f**3/6 + f. Let t be o(-2). Is t + (-2 - (-178)/2) composite?
True
Let l be (-3)/(-2)*(-8)/(-6). Suppose -o = 2*o - 1536. Is o/l - (-1 - 2) a composite number?
True
Let n = 74 - -25. Let i = 11 + -7. Suppose n = i*h - h. Is h a composite number?
True
Let b(l) = 252*l - 1. Suppose 4*h + 2 = 6. Is b(h) prime?
True
Let y be (2/3 + -2)*-3. Let f(w) = 3*w**3 + w**2 - 4*w + 1. Let s be f(3). Suppose -y*c = -5*c + s. Is c prime?
True
Suppose -2*p + 604 = 18. Is p composite?
False
Let c = 10 + 3. Suppose 5*n + 4*b - 18 = 3*n, 0 = -2*n - 3*b + c. Is -2 + 1 - (n - 19) a composite number?
False
Suppose 4963 = 5*x + 2*x. Is x a prime number?
True
Let d be (-4)/14 + 184/56. Suppose 590 = 3*r + 3*s + 170, -d*r + 414 = -3*s. Is r a prime number?
True
Let g = 4 + -7. Let b(x) = -x + 1. Let n be b(g). Suppose -155 = -n*i - 7. Is i a prime number?
True
Suppose 9*n + 35 = 4*n. Let q(u) = 11*u**2 + 12*u - 2. Let i(k) = 5*k**2 + 6*k - 1. Let a(w) = 9*i(w) - 4*q(w). Is a(n) prime?
False
Suppose -6 + 2 = 2*c. Suppose m - 3 = 0, 5*l + 4*m = 3*m + 188. Let s = l + c. Is s a composite number?
True
Suppose -5*d + 80 = -d. Suppose -f = 4*y - 46, -3*f - d = -y + f. Is y/(-3)*(-2)/4 prime?
True
Suppose -17*x + 12*x = -2735. Is x prime?
True
Let s = -9 + 9. Suppose -4*b + 6 + 10 = s. Is b a composite number?
True
Let o = 17 - 15. Suppose 0 = o*v + u - 761, 4*v + 3*u - 1940 = -419. Is v composite?
True
Let m(u) = 5*u + u**2 - 5*u - 2*u. Let d be m(-5). Suppose 3*q - d = -2*q. Is q composite?
False
Let r(j) = 3*j**2 - 8*j - 5 - 4*j**2 + 0. Let i be r(-7). Is -1*i*175/(-10) a composite number?
True
Suppose -2 = 5*u + 3*j - 0, -18 = -3*u + 3*j. Suppose -3*c = -5*a - u*c + 231, c + 1 = 0. Let t = a - 9. Is t prime?
True
Let f(j) = -3*j - 21. Let a(s) = -s - 7. Let l(c) = -7*a(c) + 2*f(c). Let z be l(-4). Suppose -3*q + 2*n = -23, q - z*q + 7 = -3*n. Is q a prime number?
True
Suppose 3*b = b + 10. Suppose -v + b*v = 12. Suppose 0 = 4*i + v*z - 217, -61 = -3*i + z + 105. Is i a composite number?
True
Is ((-359)/(-5))/(1/5) prime?
True
Let o = 0 + 3. Suppose o*d - w = -2*w + 34, 18 = 2*d - 4*w. Is d a composite number?
False
Suppose 0*y + 189 = 3*y. Suppose -63 = -3*l - 3*q + 3, -q = -4*l + y. Let s = l + 50. Is s a prime number?
True
Let z(r) = r**2 + r - 4. Let v be z(-3). Suppose v*n = 5*t - 110, -2*t + 3*t = -2*n + 22. Let a = 43 - t. Is a composite?
True
Let r be 3/4 + 6/(-8). Suppose r*u = 2*u - 42. Is u a composite number?
True
Let m = -11 + 12. Is (-4)/m + 1 + 152 composite?
False
Suppose -4*c + 0*c - 4 = 0, 3*c + 33 = -2*d. Let s = d - -46. Is s a composite number?
False
Let n = 46 + -22. Suppose -8*p = -9*p + 3. Let d = n - p. Is d a prime number?
False
Let x(f) be the second derivative of -7/2*f**2 - 1/12*f**4 - f + 0 - 3/2*f**3. Is x(-6) a prime number?
True
Let x be -1 + 0 - (-11)/11. Suppose h + x*h + 3 = -5*l, 3*h + 9 = 4*l. Is 666/3 - (-4 - h) a prime number?
True
Let y(l) = 2*l**3 - 12*l**2 + 9*l - 1. Let w(g) = 7*g**2 + 1. Let o be w(-1). Let b be y(o). Is (-2)/(-3) + b/9 a composite number?
False
Let s(b) = 387*b**2 + 2*b + 1. Let y be s(-1). Suppose -3*c + 247 = -y. Is c composite?
False
Let y be 4/22 - 79/11. Let h(b) = -b**2 - 9*b - 9. Let i be h(y). Suppose 0*u - i*u + 55 = 0. Is u a prime number?
True
Suppose -24*z + 29*z - 2285 = 0. Is z composite?
False
Let w = 70 + -103. Let i = -10 - w. Is i prime?
True
Suppose 3*s - 45 = 6*s. Suppose 3*p - 36 = 7*p. Let y = p - s. Is y a composite number?
True
Let s be 6/1 - 3 - -5. Let v(u) = -u + 11. Let a be v(s). Suppose 5*q - 2*r = q + 342, -a*r + 9 = 0. Is q prime?
False
Suppose 5*u + 28 = 2*n, 2*n + 20 = -u + 6*n. Let i(a) = -27*a + 1. Is i(u) a prime number?
True
Let v = 1 - -19. Suppose 4*x - n - 4 = 0, 7*x - 2*x - 5*n - v = 0. Suppose x = -3*l - 22 + 85. Is l composite?
True
Suppose -114 = -2*v + 484. Is v a composite number?
True
Let t = -6 - -9. Suppose -35 = t*g + k, g + 2 + 14 = 4*k. Let y = 34 + g. Is y prime?
False
Let n(u) = 100*u - 1. Let p be n(1). Let z = 163 - p. Let v = -45 + z. Is v composite?
False
Suppose 0 = 5*k + 93 + 2. Let h = k + 86. Is h composite?
False
Let z(o) = 6*o**2 + o**2 + 3*o - 2*o - 1. Is z(3) a prime number?
False
Suppose 2*x + 10 = 7*x - 4*f, 0 = -x - f + 2. Is (2 + 0)*223/x a composite number?
False
Suppose 8*a = 952 + 2704. Is a a prime number?
True
Suppose -3*q + 9951 = 5*x, -4*q - 4*x + 9951 = -q. Is q composite?
True
Let c = 10 - 2. Let f(t) = 13*t**2 + 3*t + 5. Let x be f(c). Suppose 0*s - 3*s + x = 0. Is s a prime number?
False
Let g(o) be the first derivative of 23*o**4/4 - o**3/3 + 2. Suppose -4*x - 3*p = -19, 0*p + 2*p = -2*x + 12. Is g(x) composite?
True
Let n(y) = 3*y**2 + 8*y + 1. Let d be n(7). Suppose 0 = -5*h + 26 + d. Is h a composite number?
True
Let d = 343 + -227. Suppose d = 3*u - 5*b, -240 = u - 6*u - b. Is u a prime number?
True
Let n be 143 + 5/(5/(-2)). Let s = -95 + n. Is s composite?
True
Let a(d) = d**3 - 5*d**2 + 3*d - 1. Is a(6) a prime number?
True
Suppose -4*s - 3*p + 6713 = 0, 0 = 5*s + 2*p - 3311 - 5082. Is s prime?
False
Let k(s) = -2 - 10*s - 8*s - 5. Is k(-5) a prime number?
True
Suppose -5*x + 2*a - 7*a + 175 = 0, -4*x = 5*a - 143. Let j = x - -65. Is j prime?
True
Suppose 0 = -4*z - c + 234 + 82, 3*c + 12 = 0. Let i = z + -34. Suppose -2*y = -4*y + i. Is y a prime number?
True
Let n = 142 + -93. Let m = -1 - -10. Let o = m + n. Is o a composite number?
True
Let a be 26/(-2) - 1/(-1). Let g = 94 - a. Is g a composite number?
True
Suppose 3*y = a + 2*y - 312, 20 = -4*y. Is a a prime number?
True
Let r be 81/15 - 6/15. Let q = r - 2. Suppose -q*c = -o + 7, 2*o = -3*o - 2*c + 35. Is o a composite number?
False
Let r = 566 - 297. Is r a prime number?
True
Let k(n) = -n**3 - 4*n**2. Let o be k(-5). Let f be 51/6 - 6/(-4). Suppose 0 = t - f - o. Is t prime?
False
Suppose w - 20 = -3*w. Suppose -5*p + 0*f + 349 = 3*f, w*p = -f + 353. Is p composite?
False
Let v(o) = -42*o - 6. Let m be v(-5). Let g = m + 100. Let r = 527 - g. Is r a prime number?
True
Let v be (-7 - -4) + 67/1. Suppose v = 2*h - 306. Is h composite?
True
Suppose 94 = -5*w - 5*k + k, -4*k + 50 = -3*w. Is 24/w*138/(-4) prime?
False
Suppose 0 = -2*u + 3*t - 6, -4*t + 12 = 2*u + 4. Let i be 10/((u + -1)/(-1)). Is (-4)/i - (-457)/5 a composite number?
True
Let i be (6 - 2)*(-10)/4. Let n be (1 - i/(-6))*-111. Suppo